{"id":38,"date":"2024-06-03T22:22:44","date_gmt":"2024-06-04T01:22:44","guid":{"rendered":"https:\/\/www.pctecnic.com\/web\/?page_id=38"},"modified":"2024-12-27T22:43:14","modified_gmt":"2024-12-28T01:43:14","slug":"reparacion-y-actualizacion-de-pc","status":"publish","type":"page","link":"https:\/\/www.pctecnic.com\/web\/reparacion-y-actualizacion-de-pc\/","title":{"rendered":"Reparaci\u00f3n y Actualizaci\u00f3n de PC"},"content":{"rendered":"\n<p><\/p>\n\n\n\n<p>Para que entre en vigor una actualizaci\u00f3n de hardware, eval\u00fae la\u00a0antig\u00fcedad y el estado de su computadora. Si su sistema tiene m\u00e1s de 15 a\u00f1os\u00a0, ser\u00e1 dif\u00edcil encontrar partes compatibles. Ser\u00e1 mejor que compre una\u00a0computadora nueva.<\/p>\n\n\n\n<h2 class=\"wp-block-heading\">Actualice su memoria<\/h2>\n\n\n\n<p>Si est\u00e1 teniendo dificultades para cargar las p\u00e1ginas&nbsp;o alternar entre aplicaciones, considere la posibilidad de reemplazar la memoria de la&nbsp;computadora (RAM). La RAM es donde se almacenan sus datos mientras la est\u00e1 usando. M\u00e1s&nbsp;memoria significa que puede almacenar m\u00e1s datos. Muchos fabricantes de computadoras ponen una &nbsp;cantidad m\u00ednima de memoria pero generalmente hay espacio para agregar m\u00e1s m\u00f3dulos de memoria.<\/p>\n\n\n\n<p>Si no hay suficiente espacio para m\u00e1s m\u00f3dulos, puede reemplazar su memoria existente con&nbsp;m\u00f3dulos de mayor capacidad.<\/p>\n\n\n\n<p><\/p>\n\n\n\n<figure class=\"wp-block-image\"><img decoding=\"async\" src=\"https:\/\/www.crucial.mx\/content\/dam\/crucial\/articles\/for-pc-builders\/new025-how-to-upgrade-your-pc\/crucial-ddr4-udimm-image.jpg.transform\/large-jpg\/img.jpg\" alt=\"Memoria Crucial (RAM)\"\/><\/figure>\n\n\n\n<h2 class=\"wp-block-heading\">Actualizaci\u00f3n de su unidad de almacenamiento<\/h2>\n\n\n\n<p>Si su unidad de almacenamiento actual est\u00e1 casi llena o es demasiado lenta, actualizarla. Si tiene una unidad de disco duro tradicional (HDD), este es un buen momento para buscar una unidad de estado s\u00f3lido (SSD). Las SSD arrancan m\u00e1s r\u00e1pido y son m\u00e1s confiables y durables que las HDD. Tambi\u00e9n producen menos calor cuando se ejecutan, una gran ventaja si los ventiladores de su computadora tienen problemas para mantener su unidad de disco duro.<\/p>\n\n\n\n<p><\/p>\n\n\n\n<p>Compare la capacidad actual de su unidad de almacenamiento con los modelos m\u00e1s nuevos. Tanto los fabricantes de unidades de disco duro como de las unidades de estado s\u00f3lido siempre est\u00e1n aumentando la capacidad de almacenamiento de las unidades. Puede obtener una unidad m\u00e1s r\u00e1pida con m\u00e1s espacio de almacenamiento a un precio relativamente m\u00e1s bajo.<\/p>\n\n\n\n<p><\/p>\n\n\n\n<figure class=\"wp-block-image\"><img decoding=\"async\" src=\"https:\/\/www.crucial.mx\/content\/dam\/crucial\/articles\/for-pc-builders\/new025-how-to-upgrade-your-pc\/crucial-mx500-2-5inch-product-dynamic-1-image.jpg.transform\/large-jpg\/img.jpg\" alt=\"Unidad de estado s\u00f3lido Crucial\"\/><\/figure>\n\n\n\n<h2 class=\"wp-block-heading\">Actualizaci\u00f3n de su tarjeta gr\u00e1fica<\/h2>\n\n\n\n<p>Si es un jugador \u00e1vido y est\u00e1 teniendo problemas con las demoras o la congelaci\u00f3n de los gr\u00e1ficos, eval\u00fae la posibilidad de actualizar su tarjeta gr\u00e1fica. A menos que una computadora se construya espec\u00edficamente para el juego, los fabricantes frecuentemente colocar\u00e1n tarjetas gr\u00e1ficas de gama inferior. Si el resto de su computadora est\u00e1 funcionando bien, una actualizaci\u00f3n de tarjeta gr\u00e1fica realmente puede mejorar su experiencia de juego.<\/p>\n\n\n\n<figure class=\"wp-block-image\"><img decoding=\"async\" src=\"https:\/\/www.crucial.mx\/content\/dam\/crucial\/articles\/for-pc-builders\/new025-how-to-upgrade-your-pc\/graphics-card.jpg.transform\/large-jpg\/img.jpg\" alt=\"Una tarjeta gr\u00e1fica\"\/><\/figure>\n\n\n\n<h2 class=\"wp-block-heading\">Actualizaci\u00f3n de su procesador<\/h2>\n\n\n\n<p>Aunque la actualizaci\u00f3n de su procesador (CPU) puede mejorar la eficiencia de su computadora puede estar relacionado. Necesita asegurarse que su motherboard y memoria son compatibles con el nuevo procesador. Tambi\u00e9n, verifique que su sistema de refrigeraci\u00f3n actual se adaptar\u00e1 a la CPU actualizada.<\/p>\n\n\n\n<p>Para determinar si la actualizaci\u00f3n del procesador ayudar\u00e1 a su computadora, existen numerosas pruebas comparativas de terceras partes que puede ejecutar. Estas pruebas indicar\u00e1n si su CPU no tiene energ\u00eda suficiente.<\/p>\n\n\n\n<p>Si est\u00e1 evaluando realizar una actualizaci\u00f3n de su procesador, quiz\u00e1s quiera obtener un nuevo sistema.<\/p>\n\n\n\n<h2 class=\"wp-block-heading\">Actualizaci\u00f3n de sus perif\u00e9ricos<\/h2>\n\n\n\n<p>Otra manera de impulsar su sistema es mediante la actualizaci\u00f3n de sus perif\u00e9ricos. Si est\u00e1 usando un monitor m\u00e1s viejo, uno nuevo puede mejorar los gr\u00e1ficos y la legibilidad en todas las aplicaciones.<\/p>\n\n\n\n<figure class=\"wp-block-image\"><img decoding=\"async\" src=\"https:\/\/www.crucial.mx\/content\/dam\/crucial\/articles\/for-pc-builders\/new025-how-to-upgrade-your-pc\/modern-gaming-pc.jpg.transform\/medium-jpg\/img.jpg\" alt=\"Una PC moderna de juego\"\/><\/figure>\n\n\n\n<p>Para los gamers, un mouse y un teclado de juego pueden hacer una gran diferencia en su juego. Si&nbsp; est\u00e1 usando un mouse y un teclado est\u00e1ndar, incluso para un juego tradicional, la actualizaci\u00f3n para las herramientas espec\u00edficas de juego pueden mejorar su juego.<\/p>\n\n\n\n<p>No es dif\u00edcil actualizar el hardware de su computadora y puede crear una gran diferencia en la velocidad y la capacidad de respuesta de su sistema.<\/p>\n\n\n\n<p>Si usted lo desea puede contactarnos y lo asesoraremos adecu\u00e1ndonos a sus necesidades y su presupuesto.<\/p>\n","protected":false},"excerpt":{"rendered":"<p>Para que entre en vigor una actualizaci\u00f3n de hardware, eval\u00fae la\u00a0antig\u00fcedad y el estado de su computadora. Si su sistema tiene m\u00e1s de 15 a\u00f1os\u00a0, ser\u00e1 dif\u00edcil encontrar partes compatibles. Ser\u00e1 mejor que compre una\u00a0computadora nueva. Actualice su memoria Si est\u00e1 teniendo dificultades para cargar las p\u00e1ginas&nbsp;o alternar entre aplicaciones,&#8230;<\/p>\n","protected":false},"author":1,"featured_media":0,"parent":0,"menu_order":0,"comment_status":"closed","ping_status":"closed","template":"","meta":{"footnotes":""},"class_list":["post-38","page","type-page","status-publish","hentry"],"_links":{"self":[{"href":"https:\/\/www.pctecnic.com\/web\/wp-json\/wp\/v2\/pages\/38","targetHints":{"allow":["GET"]}}],"collection":[{"href":"https:\/\/www.pctecnic.com\/web\/wp-json\/wp\/v2\/pages"}],"about":[{"href":"https:\/\/www.pctecnic.com\/web\/wp-json\/wp\/v2\/types\/page"}],"author":[{"embeddable":true,"href":"https:\/\/www.pctecnic.com\/web\/wp-json\/wp\/v2\/users\/1"}],"replies":[{"embeddable":true,"href":"https:\/\/www.pctecnic.com\/web\/wp-json\/wp\/v2\/comments?post=38"}],"version-history":[{"count":5,"href":"https:\/\/www.pctecnic.com\/web\/wp-json\/wp\/v2\/pages\/38\/revisions"}],"predecessor-version":[{"id":204,"href":"https:\/\/www.pctecnic.com\/web\/wp-json\/wp\/v2\/pages\/38\/revisions\/204"}],"wp:attachment":[{"href":"https:\/\/www.pctecnic.com\/web\/wp-json\/wp\/v2\/media?parent=38"}],"curies":[{"name":"wp","href":"https:\/\/api.w.org\/{rel}","templated":true}]}}